lculate w(2).
16
Let r(a) = -7*a + 662. Let m(y) = 15*y - 1492. Let o(t) = -3*m(t) - 7*r(t). Give o(38).
-6
Let z(h) = 51 - 5*h + 45 - 206 + 51 + 52. Calculate z(13).
-72
Suppose 7*q = 6 + 15. Suppose 23 = q*m - 10. Let f(a) = -a**2 + 15*a - 30*a + m*a. Determine f(-6).
-12
Let u(d) = -d**3 - 2*d**2 - 12*d + 2. Let j be u(0). Let a(x) be the first derivative of 2 + 1/2*x**j + 11*x. Calculate a(0).
11
Let k(h) = h + 1. Let b(p) = p**3 + p**2 - 4*p + 8. Let x(c) = -b(c) - 3*k(c). Let t(j) = 12 + 2*j - 4*j + 2*j - 2*j. Let y be t(6). Calculate x(y).
-11
Let k(x) be the second derivative of x**6/360 - x**5/40 - x**4/4 + 23*x**3/3 + 21*x. Let s(u) be the second derivative of k(u). Calculate s(-4).
22
Let i(h) be the second derivative of -h**3/6 - h**2/2 - h. Suppose -5*w + 31*w = 25766. Let u = w - 995. Give i(u).
3
Let h(j) = 8*j + 189*j**2 - 2 + 191*j**2 - 3*j - 379*j**2. Calculate h(-8).
22
Let f = -56 + 60. Suppose 19 = f*n + 3. Let r(x) = -x**2 - 4*x + 2*x**2 + 1 - 2*x. Calculate r(n).
-7
Let b = 3002 + -3019. Let g(p) = -p - 40. Determine g(b).
-23
Let k(j) be the third derivative of 1/8*j**4 - 1/6*j**3 - 2*j**2 + 0*j + 0. Suppose 13 = 26*b - 13. What is k(b)?
2
Let w(u) = -u**2 - 1. Let o(b) be the first derivative of 2*b**2 - 2*b**2 + 7*b - 4*b**2 + 3*b**2 + b**3 - 18. Let t(n) = -o(n) - 5*w(n). Determine t(-3).
10
Let a = -2 + 1. Let c be 6/(1/(-2) + a). Let t(u) = 4*u - 64077 - 64067 + u**2 + 128149. Calculate t(c).
5
Suppose -30 = 3*j - s, 2*j - 4*s + 21 = -j. Let f(d) = -d**2 - 12*d - 11. Let o be f(j). Let y(q) = 3*q + o*q - 3*q - 3 + 3*q. What is y(-3)?
-12
Let i(z) = 12*z. Let d(w) = 7*w - 1. Let k(m) = -5*d(m) + 3*i(m). Let s = 53 + -53. Calculate k(s).
5
Let y(t) be the third derivative of 2*t**4/3 - t**3/6 - 10*t**2. Let j be 442/(-13) - (1 - (-1)/(-1)). Let o = 33 + j. What is y(o)?
-17
Let r(m) be the first derivative of m**4/4 - 5*m**2/2 + 2*m - 251. Suppose 2*b = -2*b. Suppose 2*q - 1 = -3*c + 2, -5*q + 3*c + 18 = b. Determine r(q).
14
Let h = -267 - -276. Let o(z) = h*z**3 + 13 - 11 - 3*z - 10*z**3. Give o(2).
-12
Let s(a) = -11*a + 28. Let d(h) = 23*h - 48. Let x(r) = 2*d(r) + 5*s(r). What is x(6)?
-10
Let r(q) be the first derivative of -q**5/10 + q**4/12 + q**3/2 - 6*q**2 - 2*q + 142. Let o(s) be the second derivative of r(s). Give o(-1).
-5
Let h(d) = -d - 1. Let v = 44 + -34. Suppose -v*k - 76 = -26. Let x be (k - 65/(-10)) + 14/(-4). Calculate h(x).
1
Let i = -4 - -5. Let h be -1 - i*(-404)/4. Let l(g) = h - 100 + 9*g - 8*g. What is l(-4)?
-4
Let i(w) = w**2 + 7*w - 4. Let p be (-3)/(3/2) - (15 - 18). Let h be (0 - 1) + (p + -3)*-8. Suppose h*j - 16*j = 7. Give i(j).
-4
Let c(u) = -12*u**2 + 3*u - 1 - 19*u**2 + 28*u**2 + u + 4*u**2. Let b be ((-15)/(-9))/(2/(-6)). Let t = 3 + b. What is c(t)?
-5
Let w(n) = n**3 - 4*n**2 + 3*n - 4. Let s be ((-8)/(-50))/(1/(-10))*-20. Suppose -33 - s = -5*u. Suppose -1 = 4*h - u. What is w(h)?
-4
Let h(a) = -2*a**3 + 15*a**2 + 7*a - 6. Let u(t) = -8*t**2 + t**3 + 3 - 2*t + 0 - t. Let x(w) = -3*h(w) - 5*u(w). Let q = -35417 - -35423. Determine x(q).
3
Let q(z) = 93*z**2 - 32*z**2 + 3 - 2 - 32*z**2 - 31*z**2. Determine q(3).
-17
Let a = -1011 + 1016. Let j(x) = -x**2 - 5*x + 1. Suppose -5*d - 3*i = 22, 6*d = 2*d + 2*i. Let n(u) = -u**2 - 1. Let o(r) = d*n(r) + j(r). Determine o(a).
3
Let a(u) = u**2 - 10*u + 8. Let y(d) = 3*d**3 - 28*d**2 + 11*d - 8. Let v(f) = -f**3 + 14*f**2 + 18*f - 36. Let p be v(15). Let t be y(p). What is a(t)?
8
Suppose 4227 - 3947 = -56*h. Let g(i) = 16*i - i**2 + 9 - 3 - 17*i. Calculate g(h).
-14
Suppose -10710 = -264*q - 259*q + 166*q. Let p(m) be the first derivative of -1/3*m**3 + m + m**4 - q + 1/2*m**2. Determine p(-1).
-5
Suppose -2*s - 2*z = -s - 11, 0 = -z + 1. Let w(k) = -6*k**2 + 55*k - 10. Give w(s).
-1
Let a(r) be the second derivative of r**4/12 + r**3/3 + r**2 - 14*r. Let c = -50 + 217. Let p = 165 - c. Determine a(p).
2
Let d(v) = v**3 - 8*v**2 + 2*v - 5. Let l = -1736 + 1743. Determine d(l).
-40
Let c(j) = j**3 - j + 4. Let m be (-15 + 15)*(-2)/(-4). Calculate c(m).
4
Let o(l) be the third derivative of -l**5/30 - 7*l**4/4 + 41*l**3/6 - 7*l**2 + 47. Calculate o(-22).
-3
Let w(b) = 3 + 2 - b**2 - 3. Suppose 4*s = -5*p + 28, 8*p - 4*p - 56 = -3*p. Determine w(s).
-7
Let o(s) = -s**3 + 5*s**2 - 4*s + 6. Let u(y) = -y**3 - 19*y**2 + 66*y - 1. Let m be u(-22). Let a be (-2 - m) + (-12)/(132/(-55)). Determine o(a).
6
Let a be (-16)/(-3) - (-1)/(-3). Suppose 5*v - 13 = -4*l, -a = 5*v + l - 6*l. Suppose -v = -12*z + 35. Let c(h) = -h + 1. Determine c(z).
-2
Let w = -5 + 7. Let i be 1 - 6/w - (12 + -15). Let d(r) = 9*r - 11. Let l(v) = v - 2. Let o(n) = d(n) - 6*l(n). Determine o(i).
4
Let i(m) be the second derivative of m**3/3 - m**2/2 - 41844*m. Let q be ((-10)/(-6))/((-3)/(-9)). Give i(q).
9
Let m(z) = -4*z + 3. Let t(a) = -a**2 - a. Let i(y) = m(y) + t(y). Let s = -105 + 205. Suppose o - 93 + s = 0. What is i(o)?
-11
Let f(o) be the first derivative of -2/3*o**3 - 2*o**2 + 0*o - 21. Suppose -2*h = -0 + 8. Determine f(h).
-16
Let t(v) = v**2 - 5. Suppose 3*k + 3*x - 429 = 0, 3*k - 5*x - 424 = -7*x. Suppose 3*c + k = 138. What is t(c)?
-5
Suppose 733 - 539 = 55*q + 359. Let m(u) be the third derivative of u**6/120 + u**5/30 - u**4/24 + u**2. What is m(q)?
-6
Suppose -3*c + 13 = 3*z - 11, 4*z + 3*c = 27. Let j(g) = -4*g + 20*g**2 + 23*g**2 - 65*g**2 + 16*g**2 - g**z. Let h(s) = -s + 9. Let v be h(14). Calculate j(v).
-5
Let t(c) = 8*c**2 + 6. Let q(z) = 3*z**2 + 21*z + 35. Let p be q(-2). Let g(x) = x**2 - x + 1. Let o(v) = p*g(v) - t(v). Calculate o(-4).
-29
Let p(g) = g**3 - 7*g**2 - 7*g - 9. Let z be (-16)/(-6)*(-6)/(-4). Let m(h) = -h**3 - h**2 + 17*h + 20. Let r be m(-4). Suppose z*j - 14 - 18 = r. Give p(j).
-1
Let g(m) = -m**2 + 4*m + 15. Suppose -20 + 4 = 801*t - 803*t. Give g(t).
-17
Let p(x) be the second derivative of 0 - 24*x + 1/2*x**3 - 1/2*x**2. Give p(2).
5
Let x(r) be the third derivative of -r**4/4 + 2*r**3 - 124*r**2 - 2. What is x(2)?
0
Let h(u) = u + 1. Let y be (-2*4/(-5))/(-3 - 34/(-10)). What is h(y)?
5
Suppose o - 30 = -5*s, -2*o = -2*s + 7*s - 35. Let w(u) = -18*u + 83. Let b be w(o). Let t(n) = 2*n - 1. Give t(b).
-15
Let k(f) = 61*f - 125. Let x be (450/(-135))/((-30)/18). Calculate k(x).
-3
Let n(k) = -k - 6. Suppose 579*c - 138*c = -99*c + 18900. Determine n(c).
-41
Let d be 3/(-4 + (-796)/(-200)). Let u = 145 + d. Let b(s) = 2*s**2 + 11*s + 4. What is b(u)?
-1
Let h(o) = -6*o + 5. Let d(i) = -5*i + 6. Let j(b) = 5*d(b) - 4*h(b). Let v be (-10125)/2250*(-4)/6*2. Determine j(v).
4
Let w(k) = 9*k + 2. Let j(x) = -4*x**2 - 35*x + 1. Let f be j(-9). Let r be (f/6)/(2/3). What is w(r)?
-16
Let r be (26 + 2)*12/84. Let n(l) be the third derivative of -8*l**2 + 0 + 1/24*l**r - 1/6*l**3 + 0*l. Determine n(-5).
-6
Let n be 2 - ((-176)/1)/4. Let m = -22 + n. Let f(r) = r**3 - m - 8*r**2 + 8*r - 26 + 49. Determine f(7).
6
Suppose -3*j + 94 = -5*x, 29*x - 28*x - 5*j + 32 = 0. Let d(l) = -3*l**2 - 50*l + 13. Give d(x).
-4
Let i = -96 + 101. Let r(g) be the second derivative of g**4/12 - g**3/3 - g**2/2 + 2*g - 31. Calculate r(i).
14
Let m = 60 + -86. Suppose 3*g - 87 + 15 = 3*j, 0 = g - 3*j - 30. Let o = g + m. Let d(u) = u**3 + 3*u**2 - 8*u - 3. Determine d(o).
-13
Let i = -60 + 55. Let p(w) be the third derivative of w**3 + 5*w**2 + 1/8*w**4 + 0*w + 0. What is p(i)?
-9
Suppose 0 = 10*f - 0. Let b(i) = 2*i + 139. Let l(m) = -m - 64. Let c(q) = -6*b(q) - 13*l(q). What is c(f)?
-2
Let u(l) = -4*l**2 - 229 - 4*l + 6*l**2 + 228 + 2*l + l**3. Let z(x) = -x**2 - x + 4. Let d be z(0). Suppose f + 23 = -3*f - 5*p, -d = -f + 2*p. Calculate u(f).
3
Let p(u) = 11*u**2 - 53*u + 10. Let j(f) = -5*f**2 + 21*f - 4. Let l(r) = 5*j(r) + 2*p(r). Suppose -7*t + 11*t = 12. Give l(t).
-30
Let s(f) = -7*f**3 + 12*f**2 + 2*f + 3. Let n(x) = -24*x**3 + 40*x**2 + 7*x + 9. Let q(b) = -2*n(b) + 7*s(b). Determine q(5).
-22
Let m(q) = -q**2 - 6*q - 7. Let j(v) = 7*v + 6. Let y(f) = -5*j(f) - 4*m(f). Let u(a) = -9*a**2 + 29*a + 4. Let b(i) = -3*u(i) - 7*y(i). Give b(-11).
-9
Let z(d) = -d + 10. Let s be z(4). Suppose s*r = 8*r + 4, 4*t = -3*r + 2. Let y(v) = 2*v + 1. Calculate y(t).
5
Let i(d) = 3*d**2 + 21*d + 18. Let h(q) = -8*q**2 - 43*q - 35. Let v(g) = -2*h